
17734a
-12444831 (base 9) to base 2
-10111010100001010001011
Convert 1b1cac (base 15) to base 10.
1322487
Convert -235902 (base 11) to base 10.
-373771
Convert -32704a (base 16) to base 10.
-3305546
Convert 1729617 (base 10) to base 3.
10020212120220
Convert -88665a (base 12) to base 3.
-11002010201121
-3e95e (base 16) to base 2
-111110100101011110
Convert 116031 (base 8) to base 7.
224335
Convert -1113043234 (base 5) to base 14.
-484a98
What is 131320320 (base 4) in base 16?
1de38
Convert -8b02b7 (base 14) to base 9.
-8802421
What is -520114 (base 8) in base 9?
-282071
What is 405417 (base 8) in base 11?
91670
What is -513dc (base 14) in base 8?
-576026
-100302132 (base 6) to base 2
-110011111111000001000
Convert -61714543 (base 8) to base 15.
-1235c71
What is -12a236 (base 16) in base 5?
-303034144
6437324 (base 8) to base 11
a75305
Convert 4621144 (base 7) to base 15.
b5ce4
616855 (base 9) to base 16
59567
5845e (base 16) to base 5
43032231
-5a38b1 (base 13) to base 11
-12394a3
2bb39 (base 12) to base 8
171235
What is -29f9c (base 16) in base 3?
-22201211212
Convert -11101010101001101001010 (base 2) to base 9.
-15418331
Convert 104221210 (base 5) to base 2.
1110000100000000101
What is 1211211012020 (base 3) in base 10?
980646
What is -10000001101111100111100 (base 2) in base 7?
-51064622
1336cb (base 16) to base 4
10303123023
Convert 1100100000110010 (base 2) to base 13.
1a434
Convert -20012100123 (base 4) to base 8.
-10062033
Convert -14477a (base 13) to base 14.
-cc889
100000001001111011 (base 2) to base 14
35dd9
10000211020220 (base 3) to base 2
110001001001100110011
Convert -181194 (base 10) to base 8.
-541712
What is c95c (base 13) in base 3?
1102100122
-11301440 (base 5) to base 7
-610241
-10000000101010000010 (base 2) to base 6
-15143414
10210303300 (base 4) to base 6
41412304
What is 3981b (base 12) in base 13?
29c0c
1174815 (base 13) to base 6
311525523
-41026 (base 9) to base 10
-26997
1726673 (base 8) to base 14
d156b
Convert 1001011001100000111 (base 2) to base 5.
34323400
Convert -410430012 (base 5) to base 10.
-1655007
-60c921 (base 13) to base 9
-4217170
Convert 11202312210 (base 4) to base 6.
51053020
-310413 (base 7) to base 2
-1100111100100100
What is 531714 (base 10) in base 12?
217856
Convert -9267 (base 12) to base 16.
-3e2f
1100111100100111111 (base 2) to base 10
424255
Convert 17024256 (base 9) to base 6.
502333123
What is 1905964 (base 10) in base 11?
1091a85
-8d8dc (base 16) to base 13
-173ba4
Convert 7213834 (base 9) to base 3.
21020110221011
Convert 11111101010010111001 (base 2) to base 15.
157617
Convert 411a36 (base 11) to base 7.
5423232
What is 31233113 (base 5) in base 4?
333013211
What is 1232140 (base 7) in base 3?
22002102101
What is -4b305 (base 13) in base 14?
-388b1
2111403022 (base 5) to base 12
15843b4
-15aa90 (base 13) to base 8
-2032423
What is 11133030030 (base 4) in base 11?
8a2826
What is -18d9a2 (base 14) in base 6?
-30530414
Convert 16a33 (base 11) to base 12.
11995
Convert -495c2 (base 16) to base 8.
-1112702
Convert 23203303012 (base 4) to base 3.
12200221200011
Convert -1212022111121 (base 3) to base 7.
-11263213
Convert -302248 (base 9) to base 13.
-63509
Convert -4349773 (base 10) to base 12.
-1559291
-11215025 (base 9) to base 11
-3088233
Convert -3063602 (base 9) to base 11.
-a18474
Convert 2121211 (base 5) to base 11.
249a1
What is 10322130031 (base 4) in base 12?
521411
Convert 62453 (base 15) to base 7.
2435046
What is -252234 (base 6) in base 7?
-122524
Convert 100120210212011 (base 3) to base 6.
301104004
Convert 340b (base 13) to base 2.
1110001101110
What is -a78ac5 (base 15) in base 16?
-79ba58
-1103011 (base 5) to base 3
-222020120
1508814 (base 10) to base 4
11300113032
-2194a (base 16) to base 9
-228608
Convert -10031113 (base 5) to base 8.
-234436
What is 12112200 (base 5) in base 7?
651454
-3120511 (base 7) to base 15
-760c4
What is -423146 (base 7) in base 9?
-121288
Convert 121625a (base 13) to base 7.
65461131
Convert 1376376 (base 12) to base 16.
3b558a
Convert -82b6aa (base 12) to base 11.
-1181883
What is 66973 (base 11) in base 13?
351c8
What is 1027076 (base 8) in base 10?
273982
What is 4144231 (base 6) in base 14?
53123
454240 (base 9) to base 5
32201430
Convert -625719 (base 10) to base 15.
-c55e9
Convert 1000101010111101010101 (base 2) to base 4.
20222331111
Convert -31214211 (base 5) to base 15.
-51421
Convert c595a (base 14) to base 16.
7458c
Convert -67106a (base 12) to base 8.
-6203022
Convert -10221120220 (base 3) to base 4.
-102332013
Convert 11000001010010000011001 (base 2) to base 13.
1409a18
What is -10000100110001011010001 (base 2) in base 10?
-4350673
3320221112 (base 4) to base 15
151b6e
Convert -1286057 (base 9) to base 13.
-1b9727
1ae78 (base 15) to base 3
11110012212
Convert -437090 (base 11) to base 3.
-1022102211221
Convert -28a5091 (base 12) to base 9.
-16345101
1583442 (base 9) to base 10
881723
Convert -31222043 (base 5) to base 16.
-3eeed
Convert 262325 (base 8) to base 11.
626a5
Convert 2741044 (base 9) to base 14.
2b1b82
-212221132 (base 4) to base 11
-a8a31
What is 1105503113 (base 6) in base 12?
4041a99
-31021222233 (base 4) to base 5
-1340304341
Convert 1525131 (base 8) to base 2.
1101010101001011001
-10112313 (base 5) to base 13
-2b559
Convert 2561554 (base 9) to base 16.
155794
Convert -3e7cb (base 15) to base 14.
-532d5
25d838 (base 14) to base 16
13e9ba
What is 437011 (base 8) in base 14?
3b7a9
What is -2023303041 (base 5) in base 9?
-7667358
What is -200506 (base 9) in base 13?
-41c31
What is -55422 (base 16) in base 2?
-1010101010000100010
Convert 141245165 (base 7) to base 5.
4330043101
21212303133 (base 4) to base 3
11201221101010
Convert 153003634 (base 7) to base 15.
d731e1
1100000000110001011 (base 2) to base 15
7b95b
What is -22200010011 (base 3) in base 16?
-29aaf
-3001635 (base 7) to base 12
-150776
Convert 131255205 (base 6) to base 2.
1001111000001001010101
What is 10112112110022 (base 3) in base 8?
7130547
Convert 22b068c (base 13) to base 7.
160021610
1001112102 (base 3) to base 8
50501
76581 (base 9) to base 8
143133
Convert -241352 (base 8) to base 2.
-10100001011101010
Convert 2224433341 (base 5) to base 9.
10230424
What is -15463017 (base 8) in base 5?
-1403040241
What is -185a00 (base 13) in base 12?
-256520
Convert -733091 (base 12) to base 7.
-21244000
What is 103a0a (base 12) in base 9?
428381
Convert 321222132 (base 4) to base 7.
2002413
Convert 202212121210 (base 3) to base 7.
3330621
300122223 (base 5) to base 10
1176563
-6d77 (base 16) to base 6
-333423
2001323302 (base 4) to base 2
10000001111011110010
2aba72 (base 12) to base 13
1c5332
Convert 33310312 (base 5) to base 2.
1000111001000000100
705e0b (base 15) to base 2
10100010110101001101101
9488 (base 16) to base 10
38024
What is -1cc5a2 (base 13) in base 7?
-6205263
What is -1210102200200 (base 3) in base 10?
-953307
What is 10120133232 (base 4) in base 13?
312c39
What is -116473 (base 8) in base 9?
-61183
Convert 263624 (base 8) to base 11.
63184
20213021 (base 4) to base 8
104711
-15313114 (base 6) to base 7
-4402033
What is -2d79d3 (base 14) in base 13?
-43b708
Convert 4443334 (base 5) to base 16.
13091
What is -100303213132 (base 4) in base 8?
-20634736
What is -393760 (base 12) in base 9?
-1681530
-111000011112 (base 3) to base 7
-2114234
500557 (base 9) to base 7
2341051
-425353005 (base 6) to base 5
-3412321302
Convert -158456 (base 12) to base 7.
-3055623
What is 3096ab (base 12) in base 5?
143404133
What is 5275527 (base 9) in base 6?
140320041
Convert -114513111 (base 7) to base 14.
-d40578
-442610 (base 7) to base 2
-10010111111111011
What is 101100011110101011101111 (base 2) in base 8?
54365357
1100110010100101011100 (base 2) to base 13
9051a3
What is -10200120020 (base 3) in base 16?
-11b86
What is -82956 (base 11) in base 9?
-203807
What is -c1141 (base 15) in base 5?
-124024121
What is 1463628 (base 11) in base 2?
1001100100011001001000
What is 557232 (base 8) in base 6?
4010350
What is 32da4 (base 14) in base 6?
2351232
Convert -2884148 (base 9) to base 8.
-6043023
2053251 (base 6) to base 4
120202333
What is -145222 (base 10) in base 15?
-2d067
What is 333103102 (base 4) in base 12?
10606a
What is 12221222220202 (base 3) in base 13